 - t(i). Let m(h) = -h**2 - 3*h + 6. Let z(d) = -3*a(d) - m(d). Calculate z(0).
-6
Let n(y) = y**2 + 17*y - 8. Suppose -h - 65 = 5*s - s, -3*s = 4*h + 39. Calculate n(s).
-8
Let j(s) = s**2 - s - 13. Let x = 1821 + -1819. Let r = -1 + 4. Suppose 1 - r = -2*i, -2 = -u - x*i. Calculate j(u).
-13
Let f(j) = -4*j. Let v be f(-1). Let o(k) = k**3 - 4*k**2 - k + 3*k + 0*k. Give o(v).
8
Let c(o) = o - 12. Let a = -3 - 5. Let f be 20/a*8/(-5). Suppose -f*j - 2*s + 34 = 0, 5*j + s + 2*s = 44. Calculate c(j).
-5
Suppose 0 = 3*k - z - 16, z + 3 = -2*k + 12. Let q(s) = -k - 1 - 7*s + s**2 - 1. Let r(d) = 7*d - 1. Let h be r(1). Calculate q(h).
-13
Let s(m) be the second derivative of m**4/12 + m**3 + 4*m**2 - 24*m + 2. Calculate s(-7).
15
Suppose -3*x = -3*a + 6, x + 64*a = 60*a - 17. Let p(h) = h**3 + 5*h**2 - 4. What is p(x)?
-4
Suppose 25 - 37 = 4*c. Let s = 7 + -13. Let q(h) = 7*h**2 + 4*h + 4. Let r(l) = l**2. Let f(i) = s*r(i) + q(i). Calculate f(c).
1
Let o(c) = c**2 - 38*c + 68. Let i be o(36). Let s(z) = -z**2 + 3*z + 2. Let u be s(5). Let x = u - i. Let f(h) = -h**3 - 2*h**2 + 5*h - 3. Give f(x).
9
Let o(x) = -6*x - 184. Let i be o(-30). Let c(j) = -j**3 - 6*j**2 - 6*j + 3. Determine c(i).
-5
Let m be 1*69*(-24)/(-36). Suppose -2*c - 2*g + m = 0, 3*c + 4*g - 8*g - 41 = 0. Suppose c*k = 16*k - 3. Let n(f) = f**2 + 1. What is n(k)?
2
Let h(b) be the third derivative of -7*b**6/720 + b**5/60 - 17*b**4/24 + 9*b**2. Let w(f) be the second derivative of h(f). Give w(-3).
23
Let l(x) = 2*x - 1. Suppose 0 = 2*n, -2*r - 4 = n + 4. Give l(r).
-9
Suppose -5*f + 25 = -5*d, -4*f + 4 = -d - 10. Let l(v) = 3*v - 17. Let u(i) = -2*i + 9. Let y(k) = -6*l(k) - 11*u(k). Calculate y(f).
15
Let a(r) = r**3 + 5*r**2 + 3. Let h = 636 - 641. Determine a(h).
3
Let b(y) = -7*y + 2. Let d(w) = 9*w + 33. Let f be d(-17). Let r = f + 122. Calculate b(r).
-12
Let x(h) = -h**3 - 10*h**2 + 11*h - 13. Let w(m) = -11*m**3 - 2*m**2 + 8*m - 6. Let g be w(1). Give x(g).
-13
Let w(v) = 3*v**3 + 3*v**2 + 1. Let f(j) = -7*j**3 - 11*j**2 + 3*j + 1. Let i(s) = f(s) + 2*w(s). Determine i(-5).
-12
Let k(j) = j**2 - 4*j - 5. Let g(v) = 9*v**3 + v. Let a be g(1). Suppose 6*q - a*q = -64. Suppose q = -o + 5*o. What is k(o)?
-5
Let w(f) = -f**2 + 9*f - 11. Let d = -222 + 232. Calculate w(d).
-21
Let x(a) = 2*a**3 + 3*a**2 + 3*a + 2. Suppose 4*f - 5*f + 3 = 0. Suppose 3 = -y + f*s, -4*y + 2*s = -y - 5. Let l be -4*(y/2 + -1). What is x(l)?
-8
Let h be (-416)/78 + (-1)/(-3). Let k(u) = 3 - 2*u**2 + 5*u + 3*u**2 + u. Calculate k(h).
-2
Let o(f) = -2*f**2 + 31*f - 11. Let t be o(15). Let q(u) = u**3 - 2*u**2 - 5*u + 1. What is q(t)?
13
Let j(d) be the second derivative of -d**7/2520 - d**6/144 + d**5/40 - 5*d**4/6 - 2*d. Let z(c) be the third derivative of j(c). Give z(-6).
-3
Let x(y) be the third derivative of -y**5/60 - y**4/2 - 7*y**3/6 + 50*y**2 - 2. Give x(-10).
13
Let r(v) be the first derivative of -v**2 - 5*v + 248. Give r(-2).
-1
Suppose 3*s - 12 + 9 = 0. Let o = s + 0. Let a(x) = 10*x**2. Calculate a(o).
10
Let p be 0 + (4 - 2/(-2)). Let r(t) = 3*t**3 - 6*t**2 + t + 3. Let c(z) = 7*z**3 - 11*z**2 + 2*z + 6. Let l(i) = p*r(i) - 2*c(i). What is l(8)?
11
Let g(z) = -9*z - 1. Let n(f) = 24*f + 6. Let v(u) = 3*g(u) + n(u). Let y(q) = -q**3 + 3*q**2 + 2*q - 1. Let l be y(3). Suppose -2*i + i = -l. Give v(i).
-12
Suppose 0*c + 5*c = -35. Let p(h) be the first derivative of h**2 + 10*h + 13. What is p(c)?
-4
Let h(l) = 10*l**2 + 2*l + 1. Suppose -5*g + 5*s - s = -30, -3*s = 15. Suppose -40 = -9*v + 4*v. Let j be g*1*(-4)/v. What is h(j)?
9
Let a be 3/(55/20 - 2). Suppose -4*j + 3*c - 39 = 0, 0 = -2*j + a*c + 21 - 53. Let h(d) = d**3 + 5*d**2 - 4*d + 7. Determine h(j).
-5
Let b(j) = j**3 - 9*j**2 - 7. Suppose -4*m = -3*m - 4*f - 21, -3*m = -2*f - 33. Let l be b(m). Let q(n) = n - 5. Calculate q(l).
-12
Let u be -2 + 6 + (-3)/((-6)/10). Let h = 3 - u. Let t(l) = -2*l - 6. Calculate t(h).
6
Let n(z) = 8*z + 4 + 2*z**2 + 2 - z**2. Suppose -86 - 44 = -10*o. Suppose -28 = o*k + 63. What is n(k)?
-1
Let b(n) = 2*n + 5. Let h(x) be the first derivative of 8 + x + 1/2*x**2. Let w(i) = b(i) - 4*h(i). What is w(4)?
-7
Let g(q) = -2*q - 2. Suppose -14*j - 18 = 66. Calculate g(j).
10
Suppose -2 = 6*t - 14. Let o(p) = 357 - 356 + 7*p + 5*p. Calculate o(t).
25
Let d(f) = f**2. Let g(o) = -3*o**2 + 10*o - 13. Let m(v) = -2*d(v) - g(v). Calculate m(9).
4
Let o = 295 + -300. Let w(c) = c + 2. Give w(o).
-3
Let g(m) be the first derivative of 8 - 1/2*m**2 - 1/3*m**3 + m. What is g(2)?
-5
Suppose 2*j + 1 + 17 = -2*n, 0 = 4*n + 20. Let c(a) = -15*a**2 - 91*a - 23. Let m(b) = -7*b**2 - 42*b - 11. Let q(k) = -6*c(k) + 13*m(k). What is q(j)?
-21
Let r(n) be the second derivative of -n**3/3 + 3*n**2 - n + 22. Determine r(-7).
20
Let i = 11 - 2. Let p = -14 + i. Let l(c) = -2*c**2 - 6*c + 6. What is l(p)?
-14
Let o = 0 + -6. Let n(u) = -u + 1. Let s(c) = -c**2 - 5. Let w(r) = -6*n(r) - s(r). Determine w(o).
-1
Let g(t) = -t**2 + 9*t - 11. Let s(j) = j - 16. Let q be s(24). What is g(q)?
-3
Let k(i) = 3*i + 5. Let l be 8/3 + 168/(-63). What is k(l)?
5
Let s(q) = 3 - 139*q - 1 + 138*q. Determine s(10).
-8
Let i be -1 - -1*(-1 - -2). Suppose i = c + 3*c. Let t(x) = c + x**2 + 2*x + 5 + 3*x**2 + x**3 - 4. What is t(-4)?
-7
Let x = 5 + -5. Suppose 4*z = -f, x = -3*f + 6*z - 3*z + 15. Let n(g) = f*g - 5*g - g + 3*g. Give n(-6).
-6
Let p(q) = -11*q - 67*q**2 + 68*q**2 + 2 + 0 - 7. What is p(10)?
-15
Let b(h) = -3*h**2 + 2*h - 1. Suppose 3*p - 7 = -1. Let n(o) = -8*o**2 + 5*o - 2. Let j(u) = p*n(u) - 7*b(u). Suppose 18*x - 6 = 15*x. Calculate j(x).
15
Suppose 3*k + x - 12 = 0, 2*x = 5*x. Let u(o) be the third derivative of -1/6*o**k - 4/3*o**3 + 0*o + 1/60*o**5 + 0 + 2*o**2. Give u(6).
4
Let w(t) = -t - 3. Let z be w(-6). Suppose -d - z = -2*d. Suppose -2*p + 0*p = -5*j + 29, j + d = -4*p. Let r(l) = -2*l - 1. What is r(p)?
3
Let w(u) = 16*u - 3*u + 403 - u**2 - 411. Give w(12).
4
Let l be -1*1*12/(-2). Let t(r) be the third derivative of -r**5/60 + 7*r**4/24 - 2*r**3/3 + 409*r**2. What is t(l)?
2
Let u = -21 - -19. Let l(j) = 5*j + 6 - 3 + 4 - 3. Let g be l(u). Let t(b) = -b - 6. Determine t(g).
0
Let i(l) = l**2 - 7*l - 6. Let p be i(8). Let z(u) = 16 + 1 - p*u - 8. Calculate z(6).
-3
Let p(q) = 3*q - 67. Let i be p(23). Let k(h) = -5 - 3*h**2 + 5*h**i + 2*h**3 - 3*h**3 - h - 8*h**2. Determine k(-6).
1
Let w(g) = -3*g + 6. Let x be w(9). Let h be (-32)/(-14) + 6/x. Let b(s) = -4 + h*s**3 - 9*s**2 - 3*s**3 + 2*s**2 - 5*s. Give b(-6).
-10
Suppose 2*p = 3*p - 3. Suppose -3*g + p = 0, 10 = i + 5*g + 2. Let u(h) = 5*h - 4. Determine u(i).
11
Let t = -40 - -45. Suppose 5*v = -t - 10. Let g(k) = k + 1. Determine g(v).
-2
Suppose -f + 5*f = 4*k + 12, 4*k + 10 = 3*f. Let c(x) be the first derivative of x - 2/3*x**3 - 3 + 1/2*x**4 - 1/2*x**2. What is c(f)?
7
Let o(c) = -6*c + 5. Let r(l) = -7*l + 6. Let n(a) = 6*o(a) - 5*r(a). Let p = -29 + 17. Let b = p - -14. Calculate n(b).
-2
Let r(w) = -w**3 + 3*w**2 + 3*w - 3. Let h be r(3). Let s(m) = -9*m + 188. Let f(v) = -5*v + 111. Let p(y) = -5*f(y) + 3*s(y). What is p(h)?
-3
Let w(g) = -3*g - 20. Let r(i) = -i - 6. Let d(n) = 7*r(n) - 2*w(n). Give d(-3).
1
Let o be 3 + (-1)/(1/2). Let n(k) = 2*k**2 + 5*k - 3. Let l(v) be the second derivative of -v**4/12 + v**2/2 + 10*v. Let f(h) = o*l(h) + n(h). What is f(-4)?
-6
Suppose 2*q - q + d = -2, 2*d = -4*q - 6. Let b(o) = 4*o - 14. Let s(f) = -f + 5. Let w(u) = -6*b(u) - 17*s(u). Calculate w(q).
6
Suppose -3*b + 3*g - g = 226, 2*b + 5*g + 119 = 0. Let z = b + 71. Let v(y) = 4*y - 5 + 5 - 6*y**2 - 3*y. Give v(z).
-7
Let w(b) = -9*b - 13. Let m(r) = -5*r - 7. Let s(g) = 11*m(g) - 6*w(g). Let p be s(1). Let k(y) = y**3 + y**2 + y + 13. Determine k(p).
13
Let k be ((-24)/10)/(4/(-10)). Let b be (-3)/90*-5 + 35/k. Let u(t) = t - 3. What is u(b)?
3
Let d(t) = t + 7. Let c be 9/18 + (-1)/2 - 12. Calculate d(c).
-5
Let q(i) be the second derivative of i**3/3 - 3*i**2 - 2*i. Let u be -5*(-24)/40 - -2. Give q(u).
4
Let h = -9 + 10. Let g(y) be the second derivative of y**6/360 - y**5/120 + y**4/3 + 5*y. Let a(n) be the third derivative of g(n). Give a(h).
1
Let c(v) be the first derivative of v**4/4 + 2*v**3/3 - v**2/2 - 3*v + 29. Give c(-4).
-31
Le